d c?
124
Let n(t) = -t**3 - 87*t**2 - 84*t + 254. Let i be n(-86). What is the greatest common divisor of i and 3034?
82
Suppose 10 = -2*o, 5*d + 36*o - 240 = 34*o. Calculate the greatest common factor of d and 3275.
25
Suppose 61 = 4*k + s - 22, -3*s + 9 = 0. What is the greatest common factor of k and 13?
1
Let p(j) = -4*j**3 - 16*j**2 - 12*j - 30. Let l be p(-6). Let q = l + -261. Let c = -68 + 114. What is the greatest common factor of q and c?
23
Let k = -3723 - -5597. Suppose 7*j - k = -425. What is the highest common divisor of j and 345?
69
Let j be 1*(-12)/(-18) - (-63872)/96. Calculate the greatest common divisor of j and 2738.
74
Suppose -19*c + 17*c + 76 = 0. Let w(l) = c*l + 0*l**2 - 4*l**2 + 8 - 22*l + 3*l**2. Let m be w(16). What is the greatest common divisor of m and 16?
8
Let n be (4/2)/(-4) - (-120)/16. Let k be 39*(-14)/(-6) - n. What is the highest common divisor of 196 and k?
28
Let j = 40 - 40. Suppose 2*o - 25 + 15 = j. Suppose -5*y = 3*b - 57 - 43, -o*b - 4*y + 158 = 0. What is the highest common divisor of 18 and b?
6
Let w = 1907 - 1322. Calculate the highest common divisor of 104 and w.
13
Suppose -2*k = 3*m + k - 42, -m + 29 = 4*k. Let l be 10/45 - (-11645)/45. Let b = l - 247. What is the greatest common divisor of b and m?
3
Let j(z) = 1040*z - 793. Let q be j(1). Calculate the highest common factor of q and 608.
19
Let h be 2 - (4 - 3) - -11. Let l be h*5/((-45)/(-6)). Suppose 0 = -4*i + l, -5*p - 2*i + 160 = -p. What is the greatest common factor of 39 and p?
39
Suppose 0 = -h + 5, 3893*h + 205 = 5*y + 3898*h. What is the greatest common divisor of 882 and y?
18
Suppose -q + 3*n = -171, 3*n = 5*q - 2*q - 483. Let x = -73 + 125. What is the greatest common divisor of q and x?
52
Let r = -3324 + 3327. What is the greatest common divisor of r and 49?
1
Let p be 1*(0 + -59) + 3. Let m be (2 + -18)*p/32. Let c(l) = -28*l - 28. Let v be c(-5). What is the highest common factor of v and m?
28
Let y(h) = 27*h**2 + 249*h + 23. Let g be y(-12). What is the highest common divisor of 2 and g?
1
Let y(f) be the second derivative of -2*f**3/3 + 44*f**2 - 137*f. Let b be y(-13). Calculate the highest common factor of b and 160.
20
Let z be 608 - (1056/(-144) + 4/(-6)). What is the greatest common factor of z and 1155?
77
Let g(y) = -83*y + 791. Let b be g(7). What is the greatest common divisor of 1344 and b?
42
Let j be (-5970)/(-5) - (0/(-1) + 4). Suppose 3*f - j = -11*f. Calculate the highest common divisor of f and 5.
5
Let h be 2/(-16*3/(-216)). What is the greatest common factor of h and 1719?
9
Let o(y) = y**2 - y - 22. Let s be o(6). Let q be (s - 2) + -1 + -1. Calculate the greatest common factor of q and 6.
2
Suppose 0 = 3*x - 25*x + 110. Suppose 0 = -5*v - 2*q + 220, x*q = 3*v - 6*v + 132. Suppose -h + 264 = 2*h. Calculate the highest common factor of h and v.
44
Let h(s) = -5*s + 180. Let n be h(21). Suppose -3*a + 250 = 2*a. Calculate the greatest common factor of a and n.
25
Suppose -183*b = -186*b + 5*d + 12, -d = 4*b - 85. What is the highest common divisor of b and 9177?
19
Suppose -13*z - 30*z = -7*z - 216. Calculate the greatest common factor of 1563 and z.
3
Let w(c) = c**2 + 5*c + 7. Let h be w(-6). Suppose 3*r - 11 = h. Let z = -5 - -6. What is the greatest common divisor of z and r?
1
Let h(z) = -29*z - 229. Suppose -3*o + 347 = 371. Let r be h(o). Calculate the greatest common divisor of 32 and r.
1
Let c(a) = 2030*a**2 + 2*a + 8. Let o be c(-3). Calculate the greatest common factor of o and 32.
32
Let b = -169 + 175. Let m be ((b - -4) + -4)*1. Calculate the greatest common factor of 10 and m.
2
Suppose 2*p = 4*p + 10, 50 = 3*o + 2*p. Let n be (-1015)/(-25) - (-8)/o. Let v = n + -34. What is the highest common divisor of 7 and v?
7
Let b = -393 + 426. Calculate the highest common factor of 43131 and b.
33
Suppose -g - 4*g - 5*d = -265, 4*d - 20 = 0. Suppose 5*s - 75 = 3*k, 62 = 5*s - 4*k - 23. Calculate the highest common factor of g and s.
3
Suppose i = n - 2336, 5*i = -39*n + 36*n + 7024. What is the greatest common divisor of n and 91?
7
Let o be (3 - (33 - 6)) + -1. Let z be 20/(-12)*45/o + -1. Calculate the greatest common divisor of z and 31.
1
Let w = 3944 + -3921. Calculate the greatest common divisor of w and 23.
23
Suppose -37060 = -42*k + 8*k. Calculate the greatest common divisor of k and 10.
10
Let h(b) = b**3 + 15*b**2 - 47*b - 94. Let g be h(-12). What is the greatest common divisor of g and 410?
82
Suppose 28126*o = 28158*o - 18560. Calculate the highest common divisor of 20 and o.
20
Suppose 3*u - 4 = 2*u. Let s be (u - 11) + 10 + 0 + 1. Calculate the greatest common divisor of s and 10.
2
Let o = -19 + 55. Let a = 23 - 19. Let q be -218*(-3)/9 + a/(-6). Calculate the greatest common divisor of q and o.
36
Let w = -288 + 279. Let q be w/27*(2 + -191). What is the greatest common divisor of 84 and q?
21
Let v(c) = 81*c - 941. Let q be v(22). Calculate the greatest common divisor of q and 29.
29
Let t be ((-72)/120)/((-1108)/(-370) - 3). Suppose 2*a + 99 + 271 = 5*z, -5*a = 0. Calculate the greatest common factor of t and z.
37
Suppose 4*y + 3*g = 517, -3*g - 77 - 576 = -5*y. What is the greatest common divisor of y and 429?
13
Let j(i) = -i**2 + 43*i - 76. Let u be j(17). Suppose 3*c - u + 51 = 0. Calculate the greatest common divisor of 42 and c.
21
Let i = -7 + 13. Let m be 1 - (1 - 448/28). What is the greatest common divisor of i and m?
2
Let z(u) = 2*u - 33. Let n be z(19). Suppose 2*s = 5*g + s - 130, -n*g - s = -130. What is the highest common factor of g and 169?
13
Let k = 39479 - 38887. Calculate the highest common divisor of 6808 and k.
296
Let v = -21200 - -21344. What is the greatest common divisor of 496 and v?
16
Suppose 0 = 29*w - 5427 - 1533. Calculate the highest common divisor of 30 and w.
30
Let r = 1942 - 1250. Calculate the highest common divisor of r and 12.
4
Let c = 6725 + -5636. Let h(t) = -t**2 - 10*t - 15. Let k be h(-6). Calculate the greatest common divisor of c and k.
9
Let s = -5229 - -5254. Calculate the greatest common factor of s and 725.
25
Suppose 0 = -2*t + 5*i + 8 - 414, -4*i = 2*t + 424. Let d be 1408/10 + (t/(-65) - 3). What is the highest common factor of 3 and d?
3
Suppose -112*n + 117*n + 705 = 0. Let m = n + 177. Let x = 30 - 12. What is the highest common divisor of m and x?
18
Suppose 13*y = 5374 - 2774. Calculate the greatest common divisor of y and 270.
10
Let b = 11 + 3. Let k(y) be the third derivative of y**4/24 + 25*y**3/6 - 65*y**2 + 1. Let z be k(b). What is the highest common factor of z and 117?
39
Suppose -m = 4*m - w - 141, -4*m + 110 = 2*w. Let v = 10177 - 10079. What is the highest common divisor of m and v?
14
Let i(s) = -22*s - 226. Let d(r) = 11*r + 115. Let h(x) = 5*d(x) + 2*i(x). Let w be h(-8). Calculate the highest common factor of 105 and w.
35
Let u(n) = 23*n - 16*n - 4*n**2 + 36 + 18*n. Let s be u(7). Calculate the greatest common divisor of 255 and s.
15
Suppose 4*g - 2*t = 248 + 12, 0 = 3*g + 4*t - 173. Calculate the highest common divisor of 35 and g.
7
Suppose -4*o + 5 = -4*g - 7, 3*g + 9 = 0. Suppose -3*y + 3*x = -4*y + 110, 5*x = o. Calculate the highest common divisor of y and 88.
22
Let b be 1 + (-5)/(45/(-226116)). What is the greatest common factor of b and 201?
201
Suppose 192 = -3*u - y - 802, 0 = 2*u + 4*y + 676. Let b = -242 - u. What is the greatest common divisor of b and 198?
22
Suppose -5*a + 38 + 169 = x, 0 = a + 3*x - 33. Let k(j) = 127*j**3 - j**2 - 5*j + 5. Let i be k(1). What is the highest common factor of i and a?
42
Let k be (5*4/12)/(7/126). What is the greatest common factor of 1545 and k?
15
Let l(x) = 7*x**3 - 594*x**2 - 82*x - 155. Let q be l(85). Calculate the greatest common factor of 3425 and q.
25
Let g be (-12)/66 - (-159481)/(-308)*-4. Calculate the highest common divisor of 57 and g.
19
Let w(m) = m**3 + 14*m**2 - 2*m - 24. Let x be (-1)/(-8) + (-113)/8. Let h be w(x). Suppose h*t - 90 = -62. Calculate the highest common factor of t and 21.
7
Let b be 3/(-6)*(-4203 - -5). Suppose -4*m = -3*z - 4347, -5*z = 2*m - b - 42. Calculate the highest common divisor of 57 and m.
57
Let c(d) = d**3 + 15*d**2 + 52*d + 2. Let j be c(-10). Let f be -2*(-9)/j*-145. Calculate the greatest 